 2.
10001
0 (base 11) to base 7
0
Convert -172 (base 10) to base 9.
-211
What is -21 (base 3) in base 5?
-12
Convert -6 (base 12) to base 2.
-110
Convert -65 (base 13) to base 7.
-146
-b8 (base 16) to base 11
-158
What is -10010 (base 2) in base 16?
-12
Convert 0 (base 7) to base 16.
0
Convert -21 (base 10) to base 5.
-41
What is -a (base 15) in base 4?
-22
Convert -5 (base 11) to base 13.
-5
Convert 24 (base 9) to base 5.
42
Convert -6 (base 16) to base 7.
-6
What is 3 (base 14) in base 16?
3
Convert 0 (base 15) to base 2.
0
What is 43 (base 10) in base 4?
223
Convert 5 (base 14) to base 11.
5
Convert -10000 (base 2) to base 15.
-11
-2 (base 4) to base 9
-2
-13 (base 16) to base 8
-23
Convert -12 (base 14) to base 7.
-22
-27 (base 14) to base 6
-55
Convert 100111 (base 2) to base 4.
213
What is 52 (base 14) in base 13?
57
Convert 13 (base 11) to base 13.
11
What is -1 (base 15) in base 7?
-1
What is 22 (base 6) in base 11?
13
What is 7 (base 11) in base 9?
7
68 (base 9) to base 2
111110
Convert ef (base 16) to base 8.
357
What is -16 (base 16) in base 12?
-1a
-13b (base 12) to base 8
-277
-3 (base 13) to base 5
-3
10001101 (base 2) to base 12
b9
What is 1 (base 3) in base 12?
1
What is 2 (base 4) in base 13?
2
What is 2 (base 10) in base 14?
2
Convert 72 (base 14) to base 3.
10201
Convert 46 (base 15) to base 14.
4a
What is -11 (base 12) in base 8?
-15
What is -13 (base 6) in base 8?
-11
What is -20 (base 5) in base 10?
-10
Convert -10 (base 14) to base 10.
-14
16 (base 11) to base 12
15
Convert -30 (base 16) to base 12.
-40
-10e (base 16) to base 9
-330
What is 1001 (base 3) in base 7?
40
What is 311 (base 5) in base 3?
10000
Convert 11 (base 8) to base 4.
21
4 (base 9) to base 10
4
4 (base 7) to base 12
4
Convert 55 (base 14) to base 6.
203
What is 21 (base 3) in base 14?
7
-5 (base 9) to base 16
-5
What is -17 (base 8) in base 13?
-12
What is -11100 (base 2) in base 3?
-1001
What is -11011 (base 2) in base 13?
-21
What is -5 (base 15) in base 2?
-101
What is 3 (base 13) in base 5?
3
What is -2 (base 10) in base 9?
-2
-58 (base 16) to base 10
-88
25 (base 6) to base 12
15
What is 110 (base 5) in base 4?
132
What is -1 (base 5) in base 3?
-1
Convert -1 (base 3) to base 6.
-1
-7 (base 12) to base 9
-7
What is 23 (base 5) in base 15?
d
What is -2 (base 11) in base 15?
-2
Convert 7 (base 16) to base 10.
7
What is 7a (base 15) in base 16?
73
What is 2 (base 13) in base 15?
2
30 (base 7) to base 6
33
65 (base 16) to base 12
85
What is -11110101 (base 2) in base 16?
-f5
Convert -2 (base 15) to base 8.
-2
54 (base 14) to base 8
112
212 (base 4) to base 16
26
Convert -1 (base 14) to base 6.
-1
Convert -104 (base 5) to base 11.
-27
8 (base 13) to base 3
22
What is 7a (base 11) in base 5?
322
Convert -a3 (base 14) to base 11.
-120
10 (base 4) to base 12
4
-4 (base 9) to base 6
-4
43 (base 15) to base 6
143
-6 (base 16) to base 3
-20
What is -4 (base 13) in base 6?
-4
Convert 11011 (base 2) to base 4.
123
Convert 2 (base 3) to base 12.
2
Convert 58 (base 11) to base 16.
3f
12 (base 6) to base 13
8
Convert -16 (base 8) to base 13.
-11
Convert 9 (base 10) to base 3.
100
What is 1111 (base 2) in base 11?
14
Convert -2 (base 10) to base 11.
-2
-3 (base 10) to base 11
-3
What is -22211 (base 3) in base 7?
-460
-4 (base 15) to base 16
-4
What is 22 (base 6) in base 11?
13
Convert 3b (base 13) to base 3.
1212
-101 (base 6) to base 15
-27
42 (base 7) to base 13
24
-12 (base 15) to base 13
-14
What is 33 (base 6) in base 7?
30
What is -17 (base 9) in base 8?
-20
345 (base 7) to base 15
c0
What is -2 (base 14) in base 12?
-2
Convert 100100 (base 2) to base 14.
28
-43 (base 8) to base 9
-38
21 (base 9) to base 4
103
What is 102 (base 3) in base 8?
13
What is 1 (base 3) in base 15?
1
Convert -5 (base 6) to base 4.
-11
What is -1 (base 6) in base 15?
-1
101 (base 10) to base 2
1100101
What is -271 (base 10) in base 7?
-535
What is 1 (base 7) in base 5?
1
What is -11 (base 2) in base 11?
-3
Convert -7 (base 12) to base 9.
-7
Convert 332 (base 4) to base 11.
57
3 (base 8) to base 6
3
What is -5 (base 10) in base 7?
-5
22 (base 10) to base 5
42
What is -1 (base 2) in base 12?
-1
Convert -61 (base 7) to base 13.
-34
-14 (base 5) to base 8
-11
-1112 (base 3) to base 8
-51
Convert -4 (base 6) to base 7.
-4
Convert 70 (base 8) to base 12.
48
What is -63 (base 9) in base 14?
-41
Convert 31 (base 7) to base 14.
18
Convert -11 (base 3) to base 8.
-4
-1 (base 13) to base 8
-1
What is 105 (base 7) in base 10?
54
Convert 203 (base 9) to base 15.
b0
95 (base 10) to base 16
5f
4 (base 9) to base 4
10
What is 10 (base 8) in base 4?
20
What is 1 (base 8) in base 7?
1
Convert -4 (base 12) to base 5.
-4
110 (base 2) to base 12
6
What is 30 (base 5) in base 9?
16
10 (base 6) to base 13
6
What is 3c (base 13) in base 5?
201
Convert -5 (base 8) to base 9.
-5
10120 (base 4) to base 2
100011000
-1001011 (base 2) to base 8
-113
102 (base 7) to base 15
36
Convert -11010110 (base 2) to base 4.
-3112
Convert -2 (base 12) to base 5.
-2
What is 5 (base 8) in base 15?
5
Convert 0 (base 15) to base 3.
0
What is -1 (base 9) in base 4?
-1
What is 3 (base 10) in base 15?
3
Convert 5 (base 10) to base 12.
5
-59 (base 16) to base 13
-6b
What is 1 (base 5) in base 15?
1
Convert 5 (base 13) to base 10.
5
112 (base 5) to base 14
24
Convert 6 (base 16) to base 2.
110
What is 184 (base 15) in base 10?
349
Convert -2 (base 11) to base 4.
-2
Convert -1000 (base 2) to base 3.
-22
Convert 9 (base 10) to base 2.
1001
What is d2 (base 15) in base 11?
16a
What is 0 (base 7) in base 10?
0
2 (base 6) to base 9
2
What is 13 (base 7) in base 4?
22
Convert -3 (base 16) to base 11.
-3
-3 (base 10) to base 11
-3
-72 (base 10) to base 15
-4c
Convert 1 (base 13) to base 9.
1
What is 221 (base 4) in base 15?
2b
Convert 107 (base 10) to base 3.
10222
Convert -21 (base 3) to base 13.
-7
1c (base 13) to base 15
1a
What is 450 (base 8) in base 15?
14b
Convert 101 (base 6) to base 9.
41
What is -2 (base 6) in base 15?
-2
-14 (base 5) to base 10
-9
What is -20 (base 10) in base 2?
-10100
What is 210 (base 4) in base 14?
28
Convert 3 (base 4) to base 16.
3
What is -10 (base 12) in base 2?
-1100
What is -1030 (base 4) in base 11?
-6a
25 (base 14) to base 3
1020
3 (base 5) to base 11
3
Convert 11d (base 14) to base 13.
142
-3013 (base 4) to base 2
-11000111
What is 3 (base 4) in base 16?
3
Convert -4 (base 14) to base 6.
-4
What is -26 (base 8) in base 10?
-22
Convert -10100011 (base 2) to base 8.
-243
What is a (base 16) in base 10?
10
-171 (base 16) to base 12
-269
What is 336 (base 8) in base 2?
11011110
What is -35 (base 8) in base 11?
-27
Convert -2 (base 6) to base 13.
-2
0 (base 3) to base 16
0
Convert 112 (base 9) to base 11.
84
What is 9 (base 10) in base 4?
21
What is -9 (base 16) in base 15?
-9
Convert 10101 (base 2) to base 3.
210
-212 (base 5) to base 6
-133
What is 10 (base 3) in base 9?
3
Convert 9 (base 16) to base 6.
13
What is -52 (base 11) in base 13?
-45
Convert a (base 11) to base 4.
22
What is 94 (base 10) in base 9?
114
10111 (base 2) to base 3
212
-1 (base 5) to base 6
-1
-131 (base 14) to base 5
-1424
Convert 7b (base 12) to base 3.
10112
Convert -10120 (base 3) to base 13.
-75
Convert -2 (base 4) to base 8.
-2
-1111 (base 2) to base 16
-f
Convert -36 (base 8) to base 16.
-1e
Convert -2012 (base 3) to base 9.
-65
-5 (base 6) to base 10
-5
What is -18 (base 15) in base 5?
-43
Convert -53 (base 6) to base 10.
-33
-26 (base 12) to base 3
-1010
1 (base 5) to base 13
1
-100011 (base 2) to base 15
-25
What is 8 (base 14) in base 10?
8
What is -405 (base 6) in base 8?
-225
Convert -1424 (base 5) to base 10.
-239
What is -32 (base 14) in base 16?
-2c
Convert 103 (base 4) to base 3.
201
1 (base 8) to base 2
1
-1b (base 12) to base 9
-25
-54 (base 10) to base 3
-2000
Convert 63 (base 8) to base 12.
43
122 (base 7) to base 9
72
4 (base 12) to base 9
4
What is -43 (base 8) in base 12?
-2b
What is -165 (base 9) in base 5?
-1030
2 (base 13) to base 8
2
What is -5 (base 12) in base 13?
-5
Convert -41 (base 7) to base 4.
-131
What is -53 (base 8) in base 14?
-31
What is -11 (base 3) in base 9?
-4
Convert 6 (base 16) to base 4.
12
-9 (base 16) to base 3
-100
What is -37 (base 13) in base 5?
-141
What is 2 (base 5) in b